st common factor of 162 and c.
162
Suppose 0 = -2*m - p + 69, -4*m + 0*m - p = -133. Suppose 182*y + 20472 = 1172*y - 137*y. Calculate the greatest common divisor of m and y.
8
Let v be (498/(-8))/((-411)/13700). Calculate the greatest common divisor of 25 and v.
25
Suppose -o - 37 = -39, 3*b - 187 = o. What is the greatest common divisor of 4221 and b?
63
Let w(v) = -8*v**2 - 7*v + 16. Let p be w(3). Let i be -4 - (-3)/15*-5 - p. Suppose -2*s + s + 18 = 0. Calculate the highest common divisor of s and i.
18
Suppose 0 = 13*o - 121 - 178. Let p = 7 - 9. Let m be 1 + (p - 6)*-20. What is the greatest common divisor of o and m?
23
Let o be 34802/24 + (-50)/600. Calculate the greatest common factor of 50 and o.
50
Suppose -17*m + 12 = -15*m. Suppose m*n - 807 = 249. Calculate the greatest common divisor of n and 11.
11
Suppose m - 2 = 0, 17405 = 5*o + m - 19472. What is the highest common factor of 175 and o?
25
Suppose -40 = -t - 0*t. Let u(h) be the first derivative of 13*h**3/3 - 11*h**2/2 - 20*h - 206. Let r be u(-5). Calculate the highest common factor of t and r.
40
Suppose -451*k = -438*k - 858. What is the highest common divisor of k and 2838?
66
Suppose 3*i - 216 = 5*q, -3*q + 4*i + 147 = -6*q. Let s = -35 - q. Let x be 2/((2/4)/1). What is the highest common factor of x and s?
2
Let n = 13 - 8. Suppose -n*r + 484 = 124. Let k be -4 - ((-12)/14)/(12/168). What is the highest common divisor of r and k?
8
Let a = -20 - -28. Suppose 0 = 6*c + 371 + 895. Let t = -210 - c. What is the highest common divisor of t and a?
1
Suppose 29*u + 34*u = 59*u + 44. Suppose -3*l + 5*l - 506 = 0. What is the greatest common divisor of u and l?
11
Suppose 5 = 3*c - 2*y, -6*c + 8 = -2*c - 2*y. Suppose 4*s - 4*d - 15 = 3*s, 0 = -3*s - c*d. Calculate the highest common divisor of 9 and s.
3
Suppose -45 - 30 = -15*o. Suppose -h + 5*h + 264 = 0. Let k = -31 - h. What is the highest common divisor of k and o?
5
Suppose 0 = -4*t + 12, 0 = 2*q - 3*t + t + 102. Let s be 2 - (326/(-7) - q/84). What is the greatest common factor of 1200 and s?
48
Let l be 4 - 1 - (15 + -8). Let d(c) = -5*c**2 - 30*c - 5. Let m be d(l). What is the greatest common factor of m and 15?
5
Suppose d - 5*a = 2*d - 190, d - 148 = 2*a. Let c = 11 - -21. Calculate the highest common factor of c and d.
32
Suppose 0 = -4*c + 16, 229*w + 2*c = 225*w + 30852. What is the highest common factor of 11 and w?
11
Let t = -34 - -36. Suppose -4*m - 6 - 16 = -2*h, 5*h - 47 = t*m. Calculate the greatest common divisor of 9 and h.
9
Suppose 2*x - 2*d = 108, -382 = -7*x + 6*d - d. Suppose -b - 3*u = 2*u - 21, 84 = 5*b + 4*u. What is the greatest common divisor of b and x?
8
Let u = -507 + 239. Let q = -241 - u. Calculate the greatest common factor of q and 180.
9
Let a be 3*(-182 - (1 + -2)). Let c = 651 + a. What is the greatest common factor of c and 81?
27
Let m be 1/3 + (-5)/(-3). Let b be 2/(-10) - 114044/(-70). Let h = 1639 - b. What is the greatest common factor of h and m?
2
Let a = -1021 - -1107. Calculate the highest common divisor of a and 215.
43
Suppose 2*g - 9873 = y, 3*g - 21*y + 20*y - 14808 = 0. What is the greatest common divisor of 423 and g?
141
Let h be (-3)/12 + (-66)/(-8). Suppose 28 = 862*f - 862*f - 4*k, 0 = 3*f - 4*k - 280. What is the greatest common factor of f and h?
4
Let n be (-71)/(-3) - (-24)/(-36). Suppose -r = 3*y - 2*y + 5, -n = 3*r - y. Let p be -1*((-1 - 3) + r). What is the greatest common divisor of p and 22?
11
Let f(j) = -j**3 + 5*j**2 + 18*j + 63. Let v be f(-3). What is the greatest common divisor of v and 7209?
81
Let f(v) = 17*v + 150. Let l be f(-9). Let z(o) = 3*o**2 + 15*o + 53. Let s be z(l). Calculate the highest common divisor of s and 21.
7
Suppose 14*l = -7*l - 5523. Let k = 276 + l. Suppose c - 11 - 158 = 0. What is the greatest common factor of c and k?
13
Let x be (-1)/(-1) - (1 + -3). Let a = 136 - 130. Suppose 2*q - 17 = -5*h, -q + a*q - 4*h + 7 = 0. What is the highest common factor of q and x?
1
Suppose -67 = 3*n - 9946. Calculate the greatest common divisor of n and 267.
89
Let l = 29 + -11. Suppose -68*p + l = -62*p. What is the highest common factor of p and 9?
3
Let a(x) = -x**2 + 6*x + 1. Let f be 1/(-3) - (-1)/3. Let p be 2 - f - (-3)/6*4. Let d be a(p). What is the highest common factor of d and 27?
9
Suppose -2*c + 6 = f, 29 + 3 = 3*f - c. Suppose -6*q = -q - f, q = u. Suppose h = -0*h - 1, -u*k + 230 = 4*h. What is the highest common divisor of 78 and k?
39
Suppose 46*p - 49*p - 54 = 0. Let g be p - (4 - 2 - 2). Let k be (4 - g)*(3/6 - -2). Calculate the highest common divisor of 33 and k.
11
Let v(j) = -4*j**3 + 2*j**2 - 3*j + 12. Let r be v(5). Let w = r + 169. Let k = w + 456. Calculate the highest common divisor of 43 and k.
43
Suppose 69*m + 116 = 67*m. Suppose 4*u + 49 = 3*u. Let n = u - m. Calculate the greatest common factor of 81 and n.
9
Let p(i) = i**3 + 6*i**2 - 46*i - 76. Let b be p(-8). Let f = -8 + -54. Let o = -21 - f. What is the greatest common divisor of b and o?
41
Let l = 313 - 305. Suppose 0 = -5*x + 5*m - 0*m + 80, x = -m + 6. Let f be 22/x*(-2)/(-4). Calculate the highest common divisor of f and l.
1
Suppose 0 = -4*l + 50 + 82. Suppose -3*y + 47 = 95. Let d be (y - -8) + 7 + 45. What is the greatest common factor of l and d?
11
Let i(g) = -2*g**3 - 6*g**2 + 4*g + 14. Let a be i(-5). Calculate the greatest common divisor of 2115 and a.
47
Let k = 86 + 19. Let u = k - 81. What is the greatest common factor of u and 104?
8
Let v(m) = m**3 - 46*m**2 + 48*m - 126. Let j be v(45). Let q be 90 + (j + -2)*18/63. Calculate the highest common factor of q and 391.
23
Let f be (23240/120)/(42/36). Calculate the greatest common divisor of f and 14.
2
Suppose 0 = 83*p - 52*p - 248. Suppose -p*v = -207 - 97. What is the greatest common divisor of v and 418?
38
Suppose -y - 13017 = -4*y - 5*o, 0 = 4*y - 3*o - 17298. Calculate the greatest common divisor of 888 and y.
111
Let w be -5 + (104/8 - 8). Suppose w = 5*a + l - 41, 6*l - 8*l = -2. Let m = 74 + -18. Calculate the greatest common divisor of a and m.
8
Suppose -4*f + 9*f + 21011 = 3*r, 2*r - 13977 = -f. What is the greatest common divisor of 8 and r?
8
Suppose 1055 = 8*j + 959. What is the greatest common factor of 3336 and j?
12
Suppose -2*g = 3*g - 4450. Let o be (((-4)/14)/((-14)/(-140)))/((-12)/42). Calculate the greatest common divisor of g and o.
10
Let q(p) = 38*p**3 - p**2 + 18*p - 11. Let i be q(8). What is the highest common divisor of 71 and i?
71
Let g be 2061/45 + (-4)/5. Suppose 0 = g*f - 54*f + 360. What is the greatest common divisor of 90 and f?
10
Suppose -9 = 6*m - 9*m. Suppose m*u - q = q + 49, 0 = -u - 2*q + 19. Suppose 3*b + 16 = 1, 3*l - 5*b - 433 = 0. What is the highest common divisor of u and l?
17
Let s = -92 + 102. Suppose -3*z + s*z = 70. Suppose -338 = -14*n + 1202. What is the greatest common factor of n and z?
10
Let v be 8 - (1155/(-9) + (-2)/(-6)). Calculate the greatest common factor of 629 and v.
17
Let c(z) = 6*z**2 + 2*z + 5. Suppose -5*b + 122 = 142. Let i be c(b). Calculate the highest common divisor of i and 6.
3
Let w(g) = -2*g**3 - 10*g - 18. Let t(o) = 2*o**2 - 20*o + 45. Let q be t(6). Let p be w(q). Calculate the greatest common factor of p and 18.
6
Let u(p) = 10*p - 3. Let q be u(1). Suppose -q*i - 490 = -14*i. What is the highest common divisor of 56 and i?
14
Let f be 39*(4/2 - 1408/(-66)). What is the greatest common divisor of 154 and f?
14
Suppose -2*h = -5*z - 43214, 2*h - 22*z - 43172 = -24*z. What is the highest common divisor of 8 and h?
8
Let g(x) = 28*x**2 - 3*x + 2. Let z be g(1). Suppose 0 = -c - 7 + z. Suppose -c = -8*v + 3*v. What is the greatest common factor of v and 4?
4
Suppose 2*u - 3*z - 88 = u, -2*u + 164 = -2*z. Let b = u - 85. Let j be (b/18*-9)/(6/20). What is the greatest common divisor of j and 1?
1
Suppose -4*t - 2*i + 1432 = 0, -5*i + 0 + 10 = 0. Suppose 6*q - 11*q = -85. Calculate the highest common divisor of t and q.
17
Suppose 31 = -2*y + 3*j, -y - 1 = -4*y - 5*j. Let t be (-141)/(-6) + 6 + 60/y. What is the greatest common factor of 4 and t?
2
Suppose 0 = -14*s + 38025 + 36329. Calculate the highest common factor of 565 and s.
113
Suppose 0 = -m + 4*k + 7767, 5*k = 7*k - 14. Calculate the hig